 109279
What are the prime factors of 43746702?
2, 3, 19, 1063
List the prime factors of 183423547.
183423547
List the prime factors of 826743650.
2, 5, 31, 353, 1511
List the prime factors of 1043844395.
5, 11, 18978989
What are the prime factors of 1091059039?
7, 22266511
What are the prime factors of 126276975?
3, 5, 11, 5669
List the prime factors of 125276420.
2, 5, 6263821
What are the prime factors of 1130276958?
2, 3, 73, 2580541
List the prime factors of 3224996809.
619, 1489, 3499
What are the prime factors of 232947732?
2, 3, 41, 473471
What are the prime factors of 1845765035?
5, 7883, 46829
List the prime factors of 551310730.
2, 5, 37, 1490029
List the prime factors of 48656243.
593, 82051
List the prime factors of 30211111.
7, 4315873
What are the prime factors of 448041389?
448041389
What are the prime factors of 561879536?
2, 35117471
List the prime factors of 1288497773.
31847, 40459
List the prime factors of 7506707.
13, 17, 33967
List the prime factors of 1297412185.
5, 89, 2915533
List the prime factors of 2751106853.
11, 107, 2337389
List the prime factors of 508493036.
2, 137, 509, 1823
What are the prime factors of 160307088?
2, 3, 37, 90263
What are the prime factors of 829980764?
2, 7687, 26993
List the prime factors of 22675193.
977, 23209
What are the prime factors of 470711315?
5, 181, 520123
What are the prime factors of 1345064951?
1979, 679669
List the prime factors of 79002106.
2, 317, 353
List the prime factors of 96914738.
2, 353, 137273
What are the prime factors of 72913188?
2, 3, 6076099
What are the prime factors of 219715765?
5, 73, 601961
What are the prime factors of 155577491?
19, 1063, 7703
What are the prime factors of 192310693?
192310693
List the prime factors of 26891140.
2, 5, 23, 53, 1103
List the prime factors of 1704802654.
2, 31, 89, 521, 593
What are the prime factors of 50391568?
2, 127, 24799
What are the prime factors of 186115738?
2, 93057869
List the prime factors of 736184012.
2, 7537, 24419
What are the prime factors of 4425780792?
2, 3, 1013, 182041
List the prime factors of 62529903.
3, 2609, 2663
List the prime factors of 46315169.
23, 2013703
What are the prime factors of 5242336323?
3, 7, 4999, 49937
What are the prime factors of 1703321889?
3, 6353, 89371
List the prime factors of 312539225.
5, 59, 211891
What are the prime factors of 162189086?
2, 31, 2615953
List the prime factors of 54601326.
2, 3, 13, 19, 12281
List the prime factors of 206239297.
11, 523, 3259
List the prime factors of 29431721.
11, 139, 19249
What are the prime factors of 579446583?
3, 193148861
What are the prime factors of 3437114185?
5, 687422837
What are the prime factors of 61384903?
61384903
List the prime factors of 54947646.
2, 3, 13, 223
What are the prime factors of 234878541?
3, 109, 223, 3221
What are the prime factors of 1084440114?
2, 3, 60246673
What are the prime factors of 791928658?
2, 739, 535811
What are the prime factors of 69536445?
3, 5, 11, 421433
List the prime factors of 11027976.
2, 3, 607, 757
List the prime factors of 78260442.
2, 3, 13, 107, 9377
List the prime factors of 1164346548.
2, 3, 4597, 21107
List the prime factors of 274066698.
2, 3, 2267, 20149
What are the prime factors of 2023951172?
2, 97, 53777
List the prime factors of 6746508734.
2, 7, 31, 15544951
List the prime factors of 742565282.
2, 3119, 119039
What are the prime factors of 187328647?
11, 17029877
What are the prime factors of 64226457?
3, 433, 16481
List the prime factors of 327823067.
11, 13, 2292469
List the prime factors of 2153802127.
769, 2800783
What are the prime factors of 1195190662?
2, 597595331
What are the prime factors of 217343025?
3, 5, 965969
What are the prime factors of 2782482852?
2, 3, 241, 962131
List the prime factors of 527565823.
233, 2264231
List the prime factors of 284456444.
2, 17, 37, 167, 677
What are the prime factors of 122963838?
2, 3, 41, 499853
What are the prime factors of 26748881?
43, 622067
What are the prime factors of 1066383177?
3, 97, 3664547
List the prime factors of 39337242.
2, 3, 7, 607, 1543
What are the prime factors of 201047858?
2, 11, 47, 127, 1531
What are the prime factors of 659293831?
7, 173, 563, 967
List the prime factors of 22468880.
2, 5, 7, 40123
What are the prime factors of 1205428152?
2, 3, 29, 1731937
List the prime factors of 492692294.
2, 97, 2539651
What are the prime factors of 2250181406?
2, 11, 3347, 30559
What are the prime factors of 941422802?
2, 470711401
What are the prime factors of 909292522?
2, 454646261
List the prime factors of 2515586025.
3, 5, 2381, 14087
What are the prime factors of 862419962?
2, 17, 2131, 11903
What are the prime factors of 906919028?
2, 226729757
What are the prime factors of 475734545?
5, 11, 13, 17, 39139
List the prime factors of 288385829.
288385829
List the prime factors of 63564324.
2, 3, 257, 20611
What are the prime factors of 1091734879?
59, 2659, 6959
What are the prime factors of 4889296727?
7, 698470961
What are the prime factors of 47747630?
2, 5, 7, 29, 43, 547
What are the prime factors of 20231048?
2, 19, 167, 797
What are the prime factors of 4561260?
2, 3, 5, 11, 6911
What are the prime factors of 240565941?
3, 7, 11, 101, 491
What are the prime factors of 673253430?
2, 3, 5, 271, 82811
What are the prime factors of 5621348393?
271, 20742983
What are the prime factors of 3593607874?
2, 47, 38229871
What are the prime factors of 927988570?
2, 5, 92798857
List the prime factors of 38729082.
2, 3, 7, 67, 13763
List the prime factors of 1844744681.
13, 17, 59, 10883
List the prime factors of 229604318.
2, 114802159
List the prime factors of 376933022.
2, 67, 269, 10457
List the prime factors of 240061525.
5, 11, 872951
List the prime factors of 147247342.
2, 11, 6693061
List the prime factors of 1441025.
5, 57641
List the prime factors of 562251432.
2, 3, 23427143
What are the prime factors of 130515191?
43, 821, 3697
What are the prime factors of 254725021?
4337, 58733
What are the prime factors of 6022225911?
3, 13, 17, 109, 167, 499
List the prime factors of 15441522.
2, 3, 569, 4523
What are the prime factors of 236059614?
2, 3, 7, 487, 3847
What are the prime factors of 1659023116?
2, 6151, 67429
What are the prime factors of 1047093338?
2, 523546669
List the prime factors of 8433488.
2, 7, 31, 347
What are the prime factors of 391325042?
2, 109, 283, 6343
What are the prime factors of 1223584076?
2, 11, 13, 53, 40361
What are the prime factors of 390477975?
3, 5, 5206373
What are the prime factors of 2569362377?
269, 283, 33751
What are the prime factors of 807699486?
2, 3, 11, 12237871
List the prime factors of 92473193.
92473193
What are the prime factors of 72585334?
2, 41, 885187
List the prime factors of 1305057.
3, 13, 109, 307
What are the prime factors of 1660023721?
211, 7867411
What are the prime factors of 517770025?
5, 2377, 8713
List the prime factors of 36891278.
2, 2029, 9091
What are the prime factors of 2846134841?
11, 258739531
What are the prime factors of 253789056?
2, 3, 17, 12959
What are the prime factors of 2536986265?
5, 11, 29, 251, 6337
What are the prime factors of 7761603?
3, 23, 197, 571
List the prime factors of 269571890.
2, 5, 7, 17, 226531
List the prime factors of 50551511.
50551511
What are the prime factors of 33655576?
2, 4206947
List the prime factors of 181940127.
3, 71, 103, 8293
List the prime factors of 203642308.
2, 50910577
List the prime factors of 13105275.
3, 5, 174737
List the prime factors of 96082541.
193, 239, 2083
List the prime factors of 396352301.
396352301
What are the prime factors of 288613223?
23, 2141, 5861
What are the prime factors of 167967380?
2, 5, 7, 1199767
List the prime factors of 7838420375.
5, 62707363
What are the prime factors of 17489783?
59, 296437
What are the prime factors of 347224424?
2, 29, 1496657
List the prime factors of 22577892.
2, 3, 29, 64879
What are the prime factors of 1985007197?
19, 104474063
List the prime factors of 71674063.
71674063
List the prime factors of 182499272.
2, 59, 386651
List the prime factors of 12572430.
2, 3, 5, 13, 32237
List the prime factors of 57086712.
2, 3, 792871
What are the prime factors of 3959083057?
43, 317, 290447
What are the prime factors of 16854491?